{"id":3,"date":"2024-12-06T13:48:21","date_gmt":"2024-12-06T12:48:21","guid":{"rendered":"https:\/\/plavaren.msastaratura.sk\/?page_id=3"},"modified":"2025-04-03T11:41:57","modified_gmt":"2025-04-03T09:41:57","slug":"ochrana-sukromia","status":"publish","type":"page","link":"https:\/\/plavaren.msastaratura.sk\/?page_id=3","title":{"rendered":"Spracovanie osobn\u00fdch \u00fadajov"},"content":{"rendered":"\n<h2 class=\"wp-block-heading\">Kto sme<\/h2>\n\n\n\n<p>Adresa na\u0161ej webovej str\u00e1nky je: https:\/\/plavaren.msastaratura.sk.<\/p>\n\n\n\n<h2 class=\"wp-block-heading\">Koment\u00e1re<\/h2>\n\n\n\n<p><strong class=\"privacy-policy-tutorial\"> <\/strong>Ke\u010f n\u00e1v\u0161tevn\u00edci webu zanec\u00e1avaj\u00fa na str\u00e1nke koment\u00e1re, zbierame \u00fadaje, ktor\u00e9 s\u00fa zobrazen\u00e9 vo formul\u00e1ri koment\u00e1ra a taktie\u017e IP adresu pou\u017e\u00edvate\u013eov a User Agent prehliada\u010da z d\u00f4vodu ochrany proti spamu.<\/p>\n\n\n\n<p>Anonymizovan\u00fd re\u0165azec vytvoren\u00fd z va\u0161ej e-mailovej adresy (naz\u00fdvan\u00fd aj hash) m\u00f4\u017ee by\u0165 poskytnut\u00fd slu\u017ebe Gravatar pre overenie, \u010di ju pou\u017e\u00edvate. Z\u00e1sady ochrany osobn\u00fdch \u00fadajov slu\u017eby Gravatar n\u00e1jdete na: https:\/\/automattic.com\/privacy\/. Po schv\u00e1len\u00ed v\u00e1\u0161ho koment\u00e1ra bude va\u0161a profilov\u00e1 fotografia verejne zobrazen\u00e1 spolu s obsahom v\u00e1\u0161ho koment\u00e1ra.<\/p>\n\n\n\n<h2 class=\"wp-block-heading\">Multim\u00e9di\u00e1<\/h2>\n\n\n\n<p>Pri nahr\u00e1van\u00ed obr\u00e1zkov na webov\u00fa str\u00e1nku by ste sa mali vyhn\u00fa\u0165 nahr\u00e1vaniu obr\u00e1zkov s EXIF GPS \u00fadajmi o polohe. N\u00e1v\u0161tevn\u00edci webu m\u00f4\u017eu stiahnu\u0165 a zobrazi\u0165 ak\u00e9ko\u013evek \u00fadaje o polohe z obr\u00e1zkov.<\/p>\n\n\n\n<h2 class=\"wp-block-heading\">S\u00fabory cookies<\/h2>\n\n\n\n<p>Ak prid\u00e1te koment\u00e1r na na\u0161ej str\u00e1nke, m\u00f4\u017eete s\u00fahlasi\u0165 s ulo\u017een\u00edm v\u00e1\u0161ho mena, e-mailovej adresy a webovej str\u00e1nky do s\u00faborov cookies. Je to pre va\u0161e pohodlie, aby ste nemuseli op\u00e4tovne vyp\u013a\u0148a\u0165 va\u0161e \u00fadaje znovu pri prid\u00e1van\u00ed \u010fal\u0161ieho koment\u00e1ra. Tieto s\u00fabory cookies s\u00fa platn\u00e9 jeden rok.<\/p>\n\n\n\n<p>Ak nav\u0161t\u00edvite na\u0161u str\u00e1nku, ulo\u017e\u00edme do\u010dasn\u00e9 s\u00fabory cookies na ur\u010denie toho, \u010di v\u00e1\u0161 prehliada\u010d akceptuje s\u00fabory cookies. Tieto s\u00fabory cookies neobsahuj\u00fa \u017eiadne osobn\u00e9 \u00fadaje a s\u00fa odstr\u00e1nen\u00e9 pri zatvoren\u00ed prehliada\u010da.<\/p>\n\n\n\n<p>Pri prihl\u00e1sen\u00ed nastav\u00edme nieko\u013eko s\u00faborov cookies, aby sme ulo\u017eili va\u0161e prihlasovacie \u00fadaje a nastavenia zobrazenia. Prihlasovacie cookies s\u00fa platn\u00e9 dva dni a nastavenia zobrazenia jeden rok. Ak zvol\u00edte mo\u017enos\u0165 &#8220;zapam\u00e4ta\u0165&#8221;, va\u0161e prihl\u00e1senie bude platn\u00e9 dva t\u00fd\u017edne. Pri odhl\u00e1sen\u00ed sa z v\u00e1\u0161ho \u00fa\u010dtu s\u00fa s\u00fabory cookies odstr\u00e1nen\u00e9. <\/p>\n\n\n\n<p>Pri \u00faprave alebo publikovan\u00ed \u010dl\u00e1nku bud\u00fa vo va\u0161om prehliada\u010di ulo\u017een\u00e9 dodato\u010dn\u00e9 s\u00fabory cookies. Tieto s\u00fabory cookies neobsahuj\u00fa \u017eiadne osobn\u00e9 \u00fadaje a odkazuj\u00fa iba na ID \u010dl\u00e1nku, ktor\u00fd ste upravovali. S\u00fabory s\u00fa platn\u00e9 1 de\u0148.<\/p>\n\n\n\n<h2 class=\"wp-block-heading\">Vlo\u017een\u00fd obsah z in\u00fdch webov\u00fdch str\u00e1nok<\/h2>\n\n\n\n<p><strong class=\"privacy-policy-tutorial\"> <\/strong>\u010cl\u00e1nky na tejto webovej str\u00e1nke m\u00f4\u017eu obsahova\u0165 vlo\u017een\u00fd obsah (napr. vide\u00e1, obr\u00e1zky, \u010dl\u00e1nky a podobne). Vlo\u017een\u00fd obsah z in\u00fdch str\u00e1nok sa chov\u00e1 rovnako, akoby n\u00e1v\u0161tevn\u00edk nav\u0161t\u00edvil in\u00fa webov\u00fa str\u00e1nku.<\/p>\n\n\n\n<p>Tieto webov\u00e9 str\u00e1nky m\u00f4\u017eu o v\u00e1s zbiera\u0165 osobn\u00e9 \u00fadaje, pou\u017e\u00edva\u0165 s\u00fabory cookies, vklada\u0165 tre\u0165o-strann\u00e9 sledovanie a monitorova\u0165 va\u0161u interakciu s vlo\u017een\u00fdm obsahom, v\u010detne sledovania va\u0161ej interakcie s vlo\u017een\u00fdm obsahom, ak na danej webovej str\u00e1nke m\u00e1te \u00fa\u010det a ste prihl\u00e1sen\u00fd. <\/p>\n\n\n\n<h2 class=\"wp-block-heading\">S k\u00fdm zdie\u013eame va\u0161e \u00fadaje<\/h2>\n\n\n\n<p>Ak po\u017eadujete obnovenie hesla, va\u0161a adresa IP bude uveden\u00e1 v e-maile na obnovenie hesla.<\/p>\n\n\n\n<h2 class=\"wp-block-heading\">Ako dlho uchov\u00e1vame va\u0161e \u00fadaje<\/h2>\n\n\n\n<p>Pri prid\u00e1van\u00ed koment\u00e1ra, koment\u00e1r a jeho meta\u00fadaje s\u00fa uchov\u00e1van\u00e9 oddelene. V\u010faka tomu vieme automaticky rozpozna\u0165 a schv\u00e1li\u0165 ak\u00e9ko\u013evek s\u00favisiace koment\u00e1re bez toho, aby museli by\u0165 podr\u017ean\u00e9 na moder\u00e1ciu.<\/p>\n\n\n\n<p>Pre pou\u017e\u00edvate\u013eov, ktor\u00ed sa zaregistruj\u00fa na na\u0161ich webov\u00fdch str\u00e1nkach (ak tak\u00ed existuj\u00fa), uklad\u00e1me aj osobn\u00e9 \u00fadaje, ktor\u00e9 poskytuj\u00fa, do ich u\u017e\u00edvate\u013esk\u00e9ho profilu. V\u0161etci pou\u017e\u00edvatelia m\u00f4\u017eu kedyko\u013evek zobrazi\u0165, upravi\u0165 alebo odstr\u00e1ni\u0165 svoje osobn\u00e9 \u00fadaje (okrem zmeny pou\u017e\u00edvate\u013esk\u00e9ho). Spr\u00e1vcovia webov\u00fdch str\u00e1nok tie\u017e m\u00f4\u017eu zobrazi\u0165 a upravi\u0165 tieto inform\u00e1cie.<\/p>\n\n\n\n<h2 class=\"wp-block-heading\">Ak\u00e9 pr\u00e1va m\u00e1te pri spracovan\u00ed osobn\u00fdch \u00fadajov<\/h2>\n\n\n\n<p>PR\u00c1VO NA ODVOLANIE S\u00daHLASU<\/p>\n\n\n\n<p>S\u00fahlas so sprac\u00favan\u00edm Va\u0161ich osobn\u00fdch \u00fadajov je zalo\u017een\u00fd na princ\u00edpe dobrovo\u013enosti. Ak ste udelili s\u00fahlas MBK Star\u00e1 Tur\u00e1 na spracovanie osobn\u00fdch \u00fadajov, m\u00f4\u017eete ho kedyko\u013evek odvola\u0165 bez udania d\u00f4vodov s okam\u017eitou \u00fa\u010dinnos\u0165ou. P\u00edsomn\u00fa \u017eiados\u0165 m\u00f4\u017eete doru\u010di\u0165 na kore\u0161ponden\u010dn\u00fa adresu Zdru\u017eenia alebo elektronicky mailom.<\/p>\n\n\n\n<p>PR\u00c1VO NA INFORM\u00c1CIE<\/p>\n\n\n\n<p>M\u00e1te pr\u00e1vo po\u017eiada\u0165 o v\u00fdpis v\u0161etk\u00fdch inform\u00e1ci\u00ed, ktor\u00e9 o V\u00e1s evidujeme a tie\u017e inform\u00e1ciu o sprac\u00favan\u00ed, kateg\u00f3ri\u00e1ch dotknut\u00fdch osobn\u00fdch \u00fadajov, pr\u00edjemcoch alebo kateg\u00f3ri\u00e1ch pr\u00edjemcov, obdob\u00ed uchov\u00e1vania osobn\u00fdch \u00fadajov, ako aj pr\u00e1vo na inform\u00e1cie o va\u0161ich pr\u00e1vach, o pr\u00e1ve poda\u0165 s\u0165a\u017enos\u0165 \u00daradu na ochranu osobn\u00fdch \u00fadajov, inform\u00e1cie o zdroji osobn\u00fdch \u00fadajov, inform\u00e1cie o tom, \u010di doch\u00e1dza k automatizovan\u00e9mu rozhodnutiu a profilovaniu, inform\u00e1cie a z\u00e1ruky v pr\u00edpade prenosu osobn\u00fdch \u00fadajov do tretej krajiny alebo medzin\u00e1rodnej organiz\u00e1cie. Tieto \u00fadaje V\u00e1m poskytneme v elektronickej alebo tla\u010denej podobe najnesk\u00f4r do 30 dn\u00ed odo d\u0148a Va\u0161ej p\u00edsomnej \u017eiadosti. P\u00edsomn\u00fa \u017eiados\u0165 m\u00f4\u017eete doru\u010di\u0165 na na\u0161u kore\u0161ponden\u010dn\u00fa adresu alebo elektronicky mailom.<\/p>\n\n\n\n<p>Tie\u017e m\u00e1te pr\u00e1vo si vy\u017eiada\u0165 od n\u00e1s inform\u00e1cie, odkia\u013e sme z\u00edskali osobn\u00e9 \u00fadaje o V\u00e1s, kto m\u00e1 pr\u00edstup k t\u00fdmto osobn\u00fdm \u00fadajom ako aj inform\u00e1cie o \u00fa\u010dele ich spracovania.<\/p>\n\n\n\n<p>PR\u00c1VO NA OPRAVU \u00daDAJOV<\/p>\n\n\n\n<p>M\u00e1te pr\u00e1vo na opravu a aktualiz\u00e1ciu Va\u0161ich osobn\u00fdch \u00fadajov. P\u00edsomn\u00fa \u017eiados\u0165 m\u00f4\u017eete doru\u010di\u0165 na kore\u0161ponden\u010dn\u00fa adresu alebo elektronicky mailom.<\/p>\n\n\n\n<p>PR\u00c1VO NA VYMAZANIE \u00daDAJOV<\/p>\n\n\n\n<p>M\u00e1te pr\u00e1vo na vymazanie Va\u0161ich osobn\u00fdch \u00fadajov. P\u00edsomn\u00fa \u017eiados\u0165 m\u00f4\u017eete doru\u010di\u0165 na na\u0161u kore\u0161ponden\u010dn\u00fa adresu alebo elektronicky mailom. Na z\u00e1klade \u017eiadosti bud\u00fa \u00fadaje, ktor\u00e9 je mo\u017en\u00e9 vymaza\u0165, vymazan\u00e9 najnesk\u00f4r do 30 dn\u00ed od doru\u010denia \u017eiadosti. \u00dadaje, ktor\u00fdch v\u00fdmaz odporuje z\u00e1konn\u00fdm, zmluvn\u00fdm alebo da\u0148ovo-pr\u00e1vnym resp. obchodnopr\u00e1vnym povinnostiam o archiv\u00e1cii alebo in\u00fdm z\u00e1konne upraven\u00fd d\u00f4vodom nebud\u00fa vymazan\u00e9.<\/p>\n\n\n\n<p>PR\u00c1VO NA OBMEDZENIE SPRAC\u00daVANIA OSOBN\u00ddCH \u00daDAJOV<\/p>\n\n\n\n<p>V ur\u010dit\u00fdch pr\u00edpadoch m\u00e1te pr\u00e1vo na obmedzenie sprac\u00favania Va\u0161ich osobn\u00fdch \u00fadajov. Ak sa vymazanie alebo obmedzenie sprac\u00favania bude t\u00fdka\u0165 t\u00fdchto \u00fadajov, dostanete od n\u00e1s notifik\u00e1ciu.<\/p>\n\n\n\n<p>PR\u00c1VO NA PRENOSNOS\u0164 OSOBN\u00ddCH \u00daDAJOV<\/p>\n\n\n\n<p>M\u00e1te pr\u00e1vo po\u017eadova\u0165, aby sme Va\u0161e osobn\u00e9 \u00fadaje, ktor\u00e9 sprac\u00favame, odovzdali V\u00e1m alebo inej osobe, ktor\u00fa ur\u010d\u00edte, v \u0161trukt\u00farovanom a be\u017enom form\u00e1te, ktor\u00fd sa d\u00e1 \u010d\u00edta\u0165 na po\u010d\u00edta\u010di. To plat\u00ed len vtedy, ak je to technicky realizovate\u013en\u00e9.<\/p>\n\n\n\n<p>PR\u00c1VO NAMIETA\u0164 SPRAC\u00daVANIE OSOBN\u00ddCH \u00daDAJOV<\/p>\n\n\n\n<p>Ak nie ste spokojn\u00fd so sp\u00f4sobom ako spracov\u00e1vame Va\u0161e osobn\u00e9 \u00fadaje, m\u00e1te pr\u00e1vo namieta\u0165 a \u017eiada\u0165 n\u00e1pravu.<\/p>\n\n\n\n<p>PR\u00c1VO PODA\u0164 S\u0164A\u017dNOS\u0164 \u00daRADU NA OCHRANU OSOBN\u00ddCH \u00daDAJOV<\/p>\n\n\n\n<p>S va\u0161\u00edm podnetom alebo s\u0165a\u017enos\u0165ou oh\u013eadom sprac\u00favania osobn\u00fdch \u00fadajov sa m\u00f4\u017eete obr\u00e1ti\u0165 na dozorn\u00fd org\u00e1n, ktor\u00fdm je: \u00darad na ochranu osobn\u00fdch \u00fadajov Slovenskej republiky, Hrani\u010dn\u00e1 12, 820 07 Bratislava 27.<\/p>\n\n\n\n<h2 class=\"wp-block-heading\">Kam sa va\u0161e \u00fadaje odosielaj\u00fa<\/h2>\n\n\n\n<p>Koment\u00e1re n\u00e1v\u0161tevn\u00edkov m\u00f4\u017eu by\u0165 kontrolovan\u00e9 prostredn\u00edctvom automatizovanej slu\u017eby na detekciu spamu.<\/p>\n","protected":false},"excerpt":{"rendered":"<p>Kto sme Adresa na\u0161ej webovej str\u00e1nky je: https:\/\/plavaren.msastaratura.sk. Koment\u00e1re Ke\u010f n\u00e1v\u0161tevn\u00edci webu zanec\u00e1avaj\u00fa na str\u00e1nke koment\u00e1re, zbierame \u00fadaje, ktor\u00e9 s\u00fa zobrazen\u00e9 vo formul\u00e1ri koment\u00e1ra a taktie\u017e IP adresu pou\u017e\u00edvate\u013eov a User Agent prehliada\u010da z d\u00f4vodu ochrany proti spamu. Anonymizovan\u00fd re\u0165azec vytvoren\u00fd z va\u0161ej e-mailovej adresy (naz\u00fdvan\u00fd aj hash) m\u00f4\u017ee by\u0165 poskytnut\u00fd slu\u017ebe Gravatar pre overenie, [&hellip;]<\/p>\n","protected":false},"author":1,"featured_media":0,"parent":0,"menu_order":0,"comment_status":"closed","ping_status":"closed","template":"","meta":{"_monsterinsights_skip_tracking":false,"_monsterinsights_sitenote_active":false,"_monsterinsights_sitenote_note":"","_monsterinsights_sitenote_category":0,"footnotes":""},"class_list":["post-3","page","type-page","status-publish","hentry"],"yoast_head":"<!-- This site is optimized with the Yoast SEO plugin v24.0 - https:\/\/yoast.com\/wordpress\/plugins\/seo\/ -->\n<title>Spracovanie osobn\u00fdch \u00fadajov - Plav\u00e1re\u0148 Star\u00e1 Tur\u00e1<\/title>\n<meta name=\"robots\" content=\"index, follow, max-snippet:-1, max-image-preview:large, max-video-preview:-1\" \/>\n<link rel=\"canonical\" href=\"https:\/\/plavaren.msastaratura.sk\/?page_id=3\" \/>\n<meta property=\"og:locale\" content=\"en_US\" \/>\n<meta property=\"og:type\" content=\"article\" \/>\n<meta property=\"og:title\" content=\"Spracovanie osobn\u00fdch \u00fadajov - Plav\u00e1re\u0148 Star\u00e1 Tur\u00e1\" \/>\n<meta property=\"og:description\" content=\"Kto sme Adresa na\u0161ej webovej str\u00e1nky je: https:\/\/plavaren.msastaratura.sk. Koment\u00e1re Ke\u010f n\u00e1v\u0161tevn\u00edci webu zanec\u00e1avaj\u00fa na str\u00e1nke koment\u00e1re, zbierame \u00fadaje, ktor\u00e9 s\u00fa zobrazen\u00e9 vo formul\u00e1ri koment\u00e1ra a taktie\u017e IP adresu pou\u017e\u00edvate\u013eov a User Agent prehliada\u010da z d\u00f4vodu ochrany proti spamu. Anonymizovan\u00fd re\u0165azec vytvoren\u00fd z va\u0161ej e-mailovej adresy (naz\u00fdvan\u00fd aj hash) m\u00f4\u017ee by\u0165 poskytnut\u00fd slu\u017ebe Gravatar pre overenie, [&hellip;]\" \/>\n<meta property=\"og:url\" content=\"https:\/\/plavaren.msastaratura.sk\/?page_id=3\" \/>\n<meta property=\"og:site_name\" content=\"Plav\u00e1re\u0148 Star\u00e1 Tur\u00e1\" \/>\n<meta property=\"article:modified_time\" content=\"2025-04-03T09:41:57+00:00\" \/>\n<meta name=\"twitter:card\" content=\"summary_large_image\" \/>\n<meta name=\"twitter:label1\" content=\"Est. reading time\" \/>\n\t<meta name=\"twitter:data1\" content=\"5 minutes\" \/>\n<script type=\"application\/ld+json\" class=\"yoast-schema-graph\">{\"@context\":\"https:\/\/schema.org\",\"@graph\":[{\"@type\":\"WebPage\",\"@id\":\"https:\/\/plavaren.msastaratura.sk\/?page_id=3\",\"url\":\"https:\/\/plavaren.msastaratura.sk\/?page_id=3\",\"name\":\"Spracovanie osobn\u00fdch \u00fadajov - Plav\u00e1re\u0148 Star\u00e1 Tur\u00e1\",\"isPartOf\":{\"@id\":\"https:\/\/plavaren.msastaratura.sk\/#website\"},\"datePublished\":\"2024-12-06T12:48:21+00:00\",\"dateModified\":\"2025-04-03T09:41:57+00:00\",\"breadcrumb\":{\"@id\":\"https:\/\/plavaren.msastaratura.sk\/?page_id=3#breadcrumb\"},\"inLanguage\":\"en-US\",\"potentialAction\":[{\"@type\":\"ReadAction\",\"target\":[\"https:\/\/plavaren.msastaratura.sk\/?page_id=3\"]}]},{\"@type\":\"BreadcrumbList\",\"@id\":\"https:\/\/plavaren.msastaratura.sk\/?page_id=3#breadcrumb\",\"itemListElement\":[{\"@type\":\"ListItem\",\"position\":1,\"name\":\"Home\",\"item\":\"https:\/\/plavaren.msastaratura.sk\/\"},{\"@type\":\"ListItem\",\"position\":2,\"name\":\"Spracovanie osobn\u00fdch \u00fadajov\"}]},{\"@type\":\"WebSite\",\"@id\":\"https:\/\/plavaren.msastaratura.sk\/#website\",\"url\":\"https:\/\/plavaren.msastaratura.sk\/\",\"name\":\"Plav\u00e1re\u0148 Star\u00e1 Tur\u00e1\",\"description\":\"\",\"potentialAction\":[{\"@type\":\"SearchAction\",\"target\":{\"@type\":\"EntryPoint\",\"urlTemplate\":\"https:\/\/plavaren.msastaratura.sk\/?s={search_term_string}\"},\"query-input\":{\"@type\":\"PropertyValueSpecification\",\"valueRequired\":true,\"valueName\":\"search_term_string\"}}],\"inLanguage\":\"en-US\"}]}<\/script>\n<!-- \/ Yoast SEO plugin. -->","yoast_head_json":{"title":"Spracovanie osobn\u00fdch \u00fadajov - Plav\u00e1re\u0148 Star\u00e1 Tur\u00e1","robots":{"index":"index","follow":"follow","max-snippet":"max-snippet:-1","max-image-preview":"max-image-preview:large","max-video-preview":"max-video-preview:-1"},"canonical":"https:\/\/plavaren.msastaratura.sk\/?page_id=3","og_locale":"en_US","og_type":"article","og_title":"Spracovanie osobn\u00fdch \u00fadajov - Plav\u00e1re\u0148 Star\u00e1 Tur\u00e1","og_description":"Kto sme Adresa na\u0161ej webovej str\u00e1nky je: https:\/\/plavaren.msastaratura.sk. Koment\u00e1re Ke\u010f n\u00e1v\u0161tevn\u00edci webu zanec\u00e1avaj\u00fa na str\u00e1nke koment\u00e1re, zbierame \u00fadaje, ktor\u00e9 s\u00fa zobrazen\u00e9 vo formul\u00e1ri koment\u00e1ra a taktie\u017e IP adresu pou\u017e\u00edvate\u013eov a User Agent prehliada\u010da z d\u00f4vodu ochrany proti spamu. Anonymizovan\u00fd re\u0165azec vytvoren\u00fd z va\u0161ej e-mailovej adresy (naz\u00fdvan\u00fd aj hash) m\u00f4\u017ee by\u0165 poskytnut\u00fd slu\u017ebe Gravatar pre overenie, [&hellip;]","og_url":"https:\/\/plavaren.msastaratura.sk\/?page_id=3","og_site_name":"Plav\u00e1re\u0148 Star\u00e1 Tur\u00e1","article_modified_time":"2025-04-03T09:41:57+00:00","twitter_card":"summary_large_image","twitter_misc":{"Est. reading time":"5 minutes"},"schema":{"@context":"https:\/\/schema.org","@graph":[{"@type":"WebPage","@id":"https:\/\/plavaren.msastaratura.sk\/?page_id=3","url":"https:\/\/plavaren.msastaratura.sk\/?page_id=3","name":"Spracovanie osobn\u00fdch \u00fadajov - Plav\u00e1re\u0148 Star\u00e1 Tur\u00e1","isPartOf":{"@id":"https:\/\/plavaren.msastaratura.sk\/#website"},"datePublished":"2024-12-06T12:48:21+00:00","dateModified":"2025-04-03T09:41:57+00:00","breadcrumb":{"@id":"https:\/\/plavaren.msastaratura.sk\/?page_id=3#breadcrumb"},"inLanguage":"en-US","potentialAction":[{"@type":"ReadAction","target":["https:\/\/plavaren.msastaratura.sk\/?page_id=3"]}]},{"@type":"BreadcrumbList","@id":"https:\/\/plavaren.msastaratura.sk\/?page_id=3#breadcrumb","itemListElement":[{"@type":"ListItem","position":1,"name":"Home","item":"https:\/\/plavaren.msastaratura.sk\/"},{"@type":"ListItem","position":2,"name":"Spracovanie osobn\u00fdch \u00fadajov"}]},{"@type":"WebSite","@id":"https:\/\/plavaren.msastaratura.sk\/#website","url":"https:\/\/plavaren.msastaratura.sk\/","name":"Plav\u00e1re\u0148 Star\u00e1 Tur\u00e1","description":"","potentialAction":[{"@type":"SearchAction","target":{"@type":"EntryPoint","urlTemplate":"https:\/\/plavaren.msastaratura.sk\/?s={search_term_string}"},"query-input":{"@type":"PropertyValueSpecification","valueRequired":true,"valueName":"search_term_string"}}],"inLanguage":"en-US"}]}},"_links":{"self":[{"href":"https:\/\/plavaren.msastaratura.sk\/index.php?rest_route=\/wp\/v2\/pages\/3","targetHints":{"allow":["GET"]}}],"collection":[{"href":"https:\/\/plavaren.msastaratura.sk\/index.php?rest_route=\/wp\/v2\/pages"}],"about":[{"href":"https:\/\/plavaren.msastaratura.sk\/index.php?rest_route=\/wp\/v2\/types\/page"}],"author":[{"embeddable":true,"href":"https:\/\/plavaren.msastaratura.sk\/index.php?rest_route=\/wp\/v2\/users\/1"}],"replies":[{"embeddable":true,"href":"https:\/\/plavaren.msastaratura.sk\/index.php?rest_route=%2Fwp%2Fv2%2Fcomments&post=3"}],"version-history":[{"count":4,"href":"https:\/\/plavaren.msastaratura.sk\/index.php?rest_route=\/wp\/v2\/pages\/3\/revisions"}],"predecessor-version":[{"id":140,"href":"https:\/\/plavaren.msastaratura.sk\/index.php?rest_route=\/wp\/v2\/pages\/3\/revisions\/140"}],"wp:attachment":[{"href":"https:\/\/plavaren.msastaratura.sk\/index.php?rest_route=%2Fwp%2Fv2%2Fmedia&parent=3"}],"curies":[{"name":"wp","href":"https:\/\/api.w.org\/{rel}","templated":true}]}}